 95. Calculate the remainder when a(3) is divided by j.
2
Suppose -95*l + 99*l = -4*m + 1056, 4*l - 1074 = -m. Calculate the remainder when l is divided by 60.
30
Suppose 25 + 0 = d. Let b = -3262 + 3268. Calculate the remainder when d is divided by b.
1
Suppose -3*f + 3*b = -0*b, -f + 1 = -2*b. Calculate the remainder when (f - -3)/((130/85)/13) is divided by 5.
2
Let o be 6 + -1*5/5. Suppose -3*x - o*k + 131 = -279, 2*k + 382 = 3*x. Calculate the remainder when x is divided by 19.
16
Let l = 1642 - 1571. Calculate the remainder when l is divided by -2*(-2)/(-6)*-18.
11
Let a = 10 - 2. What is the remainder when (-22)/(-1) + 30/(-25)*5 is divided by a?
0
Let r = -144 - -234. Let n = 156837 - 156794. What is the remainder when r is divided by n?
4
Let w be ((-9)/3)/(18/(-228)). Let g = 43 - w. Calculate the remainder when -1 - -1 - (g + -40) is divided by 20.
15
Suppose 0 = -1252*o + 1230*o + 161898. Calculate the remainder when o is divided by 16.
15
Suppose 296 = -11*v + 60*v - 439. What is the remainder when -164*4*(-2)/4 is divided by v?
13
Suppose -2*n + 4*l + 27 = 1, 4*n = 5*l + 67. Suppose 2*v + u = 56, 5*v - 5*u - 147 = n. What is the remainder when 76 is divided by v?
16
Let b = -1350 - -1356. Let k = -1 + 3. Suppose q = k*t + 37, 2*t = 5*q - 273 + 96. Calculate the remainder when q is divided by b.
5
Suppose -5*m = 798 + 492. Let r = -160 - m. Suppose 3*q + r = 5*q. What is the remainder when 145 is divided by q?
47
Let z(h) = -2*h + 2. Suppose -80*c + 84*c - 920 = 0. Suppose 0 = -16*o + 21*o - c. What is the remainder when o is divided by z(-4)?
6
Suppose -h - 2*h + 33 = 0. Suppose 1304 = -6*o + 1520. Suppose 126*u - o = 124*u. Calculate the remainder when u is divided by h.
7
What is the remainder when 1024 is divided by (15/(-8)*6)/(80/(-384))?
52
Let s(g) = -4*g + 1. Let v be s(3). Let o(w) = 11*w**2 + 0*w**3 - 920 + 469 + w**3 + 460. Calculate the remainder when o(v) is divided by 4.
1
Let o(x) be the third derivative of -x**4/3 + 77*x**3/6 - 114*x**2. What is the remainder when 144 is divided by o(6)?
28
Let g(n) = -198*n - 563. What is the remainder when g(-5) is divided by 42?
7
Let m = -929 + 960. Suppose 121*y = 113*y + 3712. What is the remainder when y is divided by m?
30
Suppose -3533 = -91*r + 1290. Let z(n) = n**2 - n - 4. Let g be z(3). Suppose g*h - 29 = -7. Calculate the remainder when r is divided by h.
9
Let c = -13811 + 13834. Calculate the remainder when 125 is divided by c.
10
Let o = 103 - 38. Let q be 252/24 - 3/2. Let g(h) = -h**2 + 6*h + 44. Calculate the remainder when o is divided by g(q).
14
Let r = 120 + -120. Suppose r = -6*h + 7*h - 4*m - 69, 5*m - 245 = -5*h. What is the remainder when 105 is divided by h?
52
Suppose -5*g + 44 = -61. Suppose 14*s - g*s + 56 = 0. What is the remainder when (6/s)/((-12)/(-1008)) is divided by 13?
11
Suppose -81*d + 1060 = -28*d. Calculate the remainder when 60 is divided by d.
0
Calculate the remainder when -3*(1 - 2/6) + 48 is divided by 17 + (3 + -6)*5/3.
10
Let h(d) = 186*d - 11. Suppose 3*i + g - 4 = 0, 4*i - 1 = 3*g - 0. Calculate the remainder when h(i) is divided by 59.
57
Let j be 4*(-6)/12 - -9. Suppose -j*u - 3*u + 510 = 0. What is the remainder when u is divided by 9?
6
Let c be (4 - (7 + 2))*732/(-20). Let j = c - 157. Calculate the remainder when 75 is divided by j.
23
Let l(v) = -31*v + 4141. What is the remainder when l(86) is divided by 209?
12
Suppose 0 = -13*q + 12245 + 67809. Suppose q = 10*j - 5412. What is the remainder when j is divided by 58?
55
Let m = 36 - 16. Suppose 0 = w - 22 + m. What is the remainder when 1/1 + 1 + 1 is divided by w?
1
Let j(p) = 13*p - 143. Let v be j(11). Suppose -5*l + 167 - 42 = v. Calculate the remainder when 96 is divided by l.
21
Suppose y - 5*u + 4917 = 4*y, -3*y = -4*u - 4917. What is the remainder when y is divided by 82?
81
Let y = 23 + -16. Let l(q) be the third derivative of -q**6/120 + 7*q**5/60 + 2*q**3/3 + 2*q**2 + 2279*q. Calculate the remainder when 19 is divided by l(y).
3
Calculate the remainder when 301 + (-27)/(243/18) is divided by 77.
68
Suppose 68*i - 18 = 66*i. Suppose -28*p = i*p - 370. What is the remainder when p is divided by 5?
0
Let s(u) = 2*u**3 - 11*u**2 - 2*u - 20. Let b be s(6). Suppose 0 = 2*d + 5*g, g - 5*g - 28 = -b*d. What is the remainder when 47 is divided by d?
2
Suppose -7*c + 11*c = -496. Let r = 135 + c. Let v(n) = -n**3 - 11*n**2 + 13*n + 17. Calculate the remainder when r is divided by v(-12).
1
Let r(p) = -7*p + 81. Let w(m) = -22*m + 242. Let k(f) = -11*r(f) + 4*w(f). Calculate the remainder when k(5) is divided by 13.
9
Suppose 36 = 49*k - 46*k. Suppose 2*l - k = -2*x, 3*l + 58 = 3*x - 2*l. Let h = -28 - -55. What is the remainder when h is divided by x?
5
Let m = 11 - -17. Suppose 0 = -n + m + 4. What is the remainder when 221 is divided by n?
29
What is the remainder when 59 is divided by (-23871)/(-1095) + 4/(-5)?
17
Suppose -3*c = -4*r - 11916, 0 = 4*c + 18*r - 15*r - 15938. What is the remainder when c is divided by 1987?
6
Let j(y) = -y**2 - 52*y - 434. What is the remainder when j(-34) is divided by 46?
40
Let o(s) = 79*s**2 - 9*s + 2. Let v be o(1). Let w(u) = -u**2 - 8*u - 2. Calculate the remainder when (244/6)/(v/108) is divided by w(-5).
9
Suppose -9*l - 75 = -489. Let k = -18 + l. Suppose -k = -5*t + 207. What is the remainder when t is divided by 24?
23
What is the remainder when (-2)/(-16)*472 - -1 is divided by 26?
8
Let l(y) = -524*y**2 - 1077*y - 5. Calculate the remainder when 3*((-772)/(-6))/2 is divided by l(-2).
34
Calculate the remainder when (-3*(-5)/(-45))/(-7 - 5372/(-768)) is divided by (-4)/((-56)/26 + 2).
12
Let c(t) = -2*t**3 + 5*t**2 + 6*t - 9. Let p be c(3). Suppose p = l + 15*l - 272. Calculate the remainder when 151 is divided by l.
15
Calculate the remainder when 1669 is divided by (2/(-2) + 82/6)*(-35 - -38).
35
Let p(i) = -137*i. Let l be p(-3). Suppose -4*q - 2*f - l = 87, q = -4*f - 107. Let g = -99 - q. Calculate the remainder when g is divided by 12.
4
Suppose 45*x + 40*x = 425. Calculate the remainder when x is divided by 1.
0
Let z(m) = 18*m**3 - 10*m**2 - 30*m + 72. Suppose 7*k + 10 = 2*k. Calculate the remainder when z(2) is divided by ((-26)/(-8))/(k/(-24)).
38
What is the remainder when 1915 is divided by 113*((0 - -1) + (6 - (13 - 7)))?
107
Let v = -129892 + 129902. Suppose -5*g = -529 - 911. What is the remainder when g is divided by v?
8
Let x(w) = w**2 - 59*w - 1617. Calculate the remainder when 2975 is divided by x(-21).
14
Let a(g) = -2*g**3 + 22*g**2 + 29*g - 300. What is the remainder when (-142)/4*(-36)/9 is divided by a(11)?
9
Let j = -65 + 68. Suppose o + j*t + 7 = 0, -2*o + t - 16 = -23. Calculate the remainder when 3 is divided by o.
1
Suppose -465 + 120 = 23*j. Let k(b) = -b**2 - 18*b - 13. What is the remainder when k(j) is divided by 13?
6
Let a(k) be the second derivative of -k**5/10 + 73*k**4/12 - 11*k**3/2 - 89*k**2/2 - 58*k + 2. What is the remainder when 62 is divided by a(36)?
5
Suppose -3*q + 421 = 5*t, -2*t + 3*q - 34 + 215 = 0. Calculate the remainder when 153 is divided by t.
67
Let g(r) = 4. Let o(p) = -p - 21. Let j(l) = -g(l) - o(l). What is the remainder when 99 is divided by j(0)?
14
Calculate the remainder when 239 is divided by (4/(-2) + -3)*1 + 130.
114
Let h = -15391 - -15476. What is the remainder when 1071 is divided by h?
51
Suppose -130 = 4*p + k, -45 = p + 2*k - 16. Let z = p + 35. Suppose 199 = 3*m + z*w, 4*m - 2*w + 0*w = 284. Calculate the remainder when m is divided by 7.
6
Let f(s) = -s + 2. Let x be (-57 - -26)/((-2)/16). Suppose 4*n - x = -g - 3*g, -206 = -3*n + g. Calculate the remainder when n is divided by f(-15).
16
Suppose -150*i + 395 = -908 + 253. What is the remainder when 4346 is divided by i?
6
Suppose -5*u = -0 - 30. Suppose 0 = 4*g - 3*m - 19, -g + m = -u*g + 19. Calculate the remainder when 43 is divided by (g - (14 + 2))*(1 + -2).
7
Suppose 18 = -7*k + 18. Suppose -4*a - 3*a + 35 = k. Suppose d = 3 + a. What is the remainder when 38 is divided by d?
6
Suppose 13*b - 2808 = b. Suppose 0*k = 2*k - 76. What is the remainder when k is divided by (-1)/(12/b)*(-2)/3?
12
Let b(h) = 197*h**3 - 9*h**2 + h + 11. What is the remainder when b(3) is divided by 51?
50
Let k =